{"id":409,"date":"2022-10-29T14:38:13","date_gmt":"2022-10-29T14:38:13","guid":{"rendered":"https:\/\/relaunch2022.asvi.at\/?page_id=409"},"modified":"2026-03-08T10:54:51","modified_gmt":"2026-03-08T10:54:51","slug":"allgemein","status":"publish","type":"page","link":"https:\/\/asvi.at\/index.php\/allgemein\/","title":{"rendered":"Allgemein"},"content":{"rendered":"\n<h2 class=\"wp-block-heading\">Leitbild des ASV Inzing<\/h2>\n\n\n\n<p>Der ASV Inzing pflegt und f\u00f6rdert in den einzelnen Sektionen die Sportarten Leichtathletik-Gymnastik, Schi und Rad. Unser Verein ist nicht auf Gewinn, sondern auf Gemeinn\u00fctzigkeit ausgerichtet.<\/p>\n\n\n\n<p>Wir vermitteln unseren Mitgliedern jeder Altersgruppe Freude an Sport und Bewegung. Mit der Unterst\u00fctzung von ausgebildeten \u00dcbungsleitern und Trainern werden die Sportler an den Wettkampfsport herangef\u00fchrt und unsere Hobbysportler in der richtigen Ausf\u00fchrung der \u00dcbungen und Sportarten unterst\u00fctzt. Die Sektionen \u00fcbernehmen dabei die Beschickung nationaler Wettk\u00e4mpfe und unterst\u00fctzen die Sportler bestm\u00f6glich bei der Erreichung ihrer individuellen Ziele.<\/p>\n\n\n\n<p>Die Sektionen organisieren sportliche Wettk\u00e4mpfe und gesellschaftliche Veranstaltungen, um das Vereinsleben zu f\u00f6rdern.<br>Kameradschaft, Zusammengeh\u00f6rigkeit, gegenseitiger Respekt, Toleranz, Wertsch\u00e4tzung und Fairness pr\u00e4gen unseren Umgang miteinander und im Wettstreit mit anderen Sportlern.<\/p>\n\n\n\n<p>Unser Verein bem\u00fcht sich, seinen Mitgliedern durch Anschaffung und Bereitstellung von Sportger\u00e4ten und -anlagen einen hochwertigen und zeitgerechten Sportbetrieb zu erm\u00f6glichen.<\/p>\n\n\n\n<h2 class=\"wp-block-heading\">Aktueller Ausschuss<\/h2>\n\n\n\n<figure class=\"wp-block-table is-style-regular\"><table class=\"has-fixed-layout\" style=\"border-style:none;border-width:0px\"><tbody><tr><td class=\"has-text-align-right\" data-align=\"right\"><strong>Obfrau<\/strong><\/td><td>Birgit Neuner Kontakt:  Email allgemein@asvi.at<\/td><\/tr><tr><td class=\"has-text-align-right\" data-align=\"right\"><strong><strong>Obfrau-Stellvertreter<\/strong><\/strong><\/td><td>Heinz Walcher<\/td><\/tr><tr><td class=\"has-text-align-right\" data-align=\"right\"><strong><strong>Kassierin<\/strong><\/strong><\/td><td>Brigitte Gastl<\/td><\/tr><tr><td class=\"has-text-align-right\" data-align=\"right\"><strong><strong>Schriftf\u00fchrerin<\/strong><\/strong>\u00a0<\/td><td>Renate Walcher<\/td><\/tr><tr><td class=\"has-text-align-right\" data-align=\"right\"><\/td><td><\/td><\/tr><tr><td class=\"has-text-align-right\" data-align=\"right\"><\/td><td><\/td><\/tr><\/tbody><\/table><\/figure>\n\n\n\n<h2 class=\"wp-block-heading\">Sektionsleitungen<\/h2>\n\n\n\n<figure class=\"wp-block-table is-style-regular\"><table class=\"has-fixed-layout\" style=\"border-style:none;border-width:0px\"><tbody><tr><td class=\"has-text-align-right\" data-align=\"right\"><strong><strong>Leichtathletik &amp; Gymnastik<\/strong><\/strong><\/td><td>Anna Eichhorn<\/td><\/tr><tr><td class=\"has-text-align-right\" data-align=\"right\"><strong><strong><strong>Rad<\/strong><\/strong><\/strong><\/td><td>Thomas Grie\u00dfer<\/td><\/tr><tr><td class=\"has-text-align-right\" data-align=\"right\"><strong><strong><strong>Schi<\/strong><\/strong><\/strong><\/td><td>Manfred Kiechl<\/td><\/tr><\/tbody><\/table><\/figure>\n\n\n\n<h2 class=\"wp-block-heading\">Bankverbindungen<\/h2>\n\n\n\n<p class=\"has-text-align-center\"><strong>ASVI Allgemein:<\/strong> AT30 3633 6000 0772 3604<\/p>\n\n\n\n<p class=\"has-text-align-center\"><strong>Sektion Leichtathletik-Gymnastik:<\/strong> AT72 3633 6000 0772 6243<\/p>\n\n\n\n<p class=\"has-text-align-center\"><strong>Sektion Rad:<\/strong> AT47 3633 6000 0773 0476<\/p>\n\n\n\n<p class=\"has-text-align-center\"><strong>Sektion Schi:<\/strong> AT28 3633 6000 0772 3737<\/p>\n\n\n\n<h2 class=\"wp-block-heading\">Anmeldung<\/h2>\n\n\n\n<p>Derzeit l\u00e4uft die Anmeldung noch \u00fcber das untenstehende Formular. Die Kommunikation und alles andere, so auch hoffentlich bald die Anmeldung, l\u00e4uft \u00fcber die App Vereinsplaner.<\/p>\n\n\n\n<p>Das ausgef\u00fcllte Anmeldeformular bitte an <a href=\"mailto:allgemein@asvi.at\">allgemein@asvi.at<\/a> mailen<\/p>\n\n\n\n<div data-wp-interactive=\"\" class=\"wp-block-file\"><object data-wp-bind--hidden=\"!selectors.core.file.hasPdfPreview\" hidden class=\"wp-block-file__embed\" data=\"https:\/\/asvi.at\/wp-content\/uploads\/2022\/12\/anmeldeformular.pdf\" type=\"application\/pdf\" style=\"width:100%;height:600px\" aria-label=\"Einbettung von anmeldeformular.\"><\/object><a id=\"wp-block-file--media-964f81d1-2f2b-4de5-b337-83ecceb40de2\" href=\"https:\/\/asvi.at\/wp-content\/uploads\/2022\/12\/anmeldeformular.pdf\">anmeldeformular<\/a><a href=\"https:\/\/asvi.at\/wp-content\/uploads\/2022\/12\/anmeldeformular.pdf\" class=\"wp-block-file__button wp-element-button\" download aria-describedby=\"wp-block-file--media-964f81d1-2f2b-4de5-b337-83ecceb40de2\">Herunterladen<\/a><\/div>\n","protected":false},"excerpt":{"rendered":"<p>Leitbild des ASV Inzing Der ASV Inzing pflegt und f\u00f6rdert in den einzelnen Sektionen die Sportarten Leichtathletik-Gymnastik, Schi und Rad. Unser Verein ist nicht auf Gewinn, sondern auf Gemeinn\u00fctzigkeit ausgerichtet. Wir vermitteln unseren Mitgliedern jeder Altersgruppe Freude an Sport und Bewegung. Mit der Unterst\u00fctzung von ausgebildeten \u00dcbungsleitern und Trainern werden die Sportler an den Wettkampfsport&hellip;&nbsp;<a href=\"https:\/\/asvi.at\/index.php\/allgemein\/\" class=\"\" rel=\"bookmark\">Weiterlesen &raquo;<span class=\"screen-reader-text\">Allgemein<\/span><\/a><\/p>\n","protected":false},"author":1,"featured_media":0,"parent":0,"menu_order":0,"comment_status":"closed","ping_status":"closed","template":"","meta":{"neve_meta_sidebar":"","neve_meta_container":"","neve_meta_enable_content_width":"","neve_meta_content_width":0,"neve_meta_title_alignment":"","neve_meta_author_avatar":"","neve_post_elements_order":"","neve_meta_disable_header":"","neve_meta_disable_footer":"","neve_meta_disable_title":"","footnotes":""},"featured_image_urls":{"full":"","thumbnail":"","medium":"","medium_large":"","large":"","1536x1536":"","2048x2048":"","neve-blog":""},"post_excerpt_stackable":"<p>Leitbild des ASV Inzing Der ASV Inzing pflegt und f\u00f6rdert in den einzelnen Sektionen die Sportarten Leichtathletik-Gymnastik, Schi und Rad. Unser Verein ist nicht auf Gewinn, sondern auf Gemeinn\u00fctzigkeit ausgerichtet. Wir vermitteln unseren Mitgliedern jeder Altersgruppe Freude an Sport und Bewegung. Mit der Unterst\u00fctzung von ausgebildeten \u00dcbungsleitern und Trainern werden die Sportler an den Wettkampfsport herangef\u00fchrt und unsere Hobbysportler in der richtigen Ausf\u00fchrung der \u00dcbungen und Sportarten unterst\u00fctzt. Die Sektionen \u00fcbernehmen dabei die Beschickung nationaler Wettk\u00e4mpfe und unterst\u00fctzen die Sportler bestm\u00f6glich bei der Erreichung ihrer individuellen Ziele. Die Sektionen organisieren sportliche Wettk\u00e4mpfe und gesellschaftliche Veranstaltungen, um das Vereinsleben zu f\u00f6rdern.Kameradschaft,&hellip;<\/p>\n","category_list":"","author_info":{"name":"admin","url":"https:\/\/asvi.at\/index.php\/author\/asvi-admin\/"},"comments_num":"0 comments","jetpack_sharing_enabled":true,"_links":{"self":[{"href":"https:\/\/asvi.at\/index.php\/wp-json\/wp\/v2\/pages\/409"}],"collection":[{"href":"https:\/\/asvi.at\/index.php\/wp-json\/wp\/v2\/pages"}],"about":[{"href":"https:\/\/asvi.at\/index.php\/wp-json\/wp\/v2\/types\/page"}],"author":[{"embeddable":true,"href":"https:\/\/asvi.at\/index.php\/wp-json\/wp\/v2\/users\/1"}],"replies":[{"embeddable":true,"href":"https:\/\/asvi.at\/index.php\/wp-json\/wp\/v2\/comments?post=409"}],"version-history":[{"count":4,"href":"https:\/\/asvi.at\/index.php\/wp-json\/wp\/v2\/pages\/409\/revisions"}],"predecessor-version":[{"id":1527,"href":"https:\/\/asvi.at\/index.php\/wp-json\/wp\/v2\/pages\/409\/revisions\/1527"}],"wp:attachment":[{"href":"https:\/\/asvi.at\/index.php\/wp-json\/wp\/v2\/media?parent=409"}],"curies":[{"name":"wp","href":"https:\/\/api.w.org\/{rel}","templated":true}]}}